when 12 is divided by z.
2
Let s(h) = 37*h**2 + 1. Let l be 8/2 - (-5 - -8). Calculate the remainder when s(l) is divided by 14.
10
Let i(j) = -j**3 - 3*j**2 - j + 1. Let n be i(-3). Suppose -5*a + 313 = n*k, -4*a + 2*k - 5*k = -250. What is the remainder when a is divided by 21?
19
Suppose -5*g - o + 48 = 0, -5*o = -20 + 5. Let i = -7 + g. Suppose 3*l = -i*l + 50. Calculate the remainder when 29 is divided by l.
9
Calculate the remainder when ((-7)/(-3))/((-2)/(-6)) is divided by (-4)/(-2)*21/14.
1
Let u = 25 + -17. Suppose m + 10 = 3*l, -6*l - 2*m = -3*l - 25. Suppose -l*q + u = -q. What is the remainder when q is divided by 1?
0
Suppose -6*c = -4*c. Calculate the remainder when (c - (-21)/(-3))/(-1) is divided by 1 + -8 + 3 + 9.
2
Suppose -2*g - u + 7 = -9, 0 = -u + 4. Suppose 3*a + 2*a = -3*v + 58, 2*v = 2*a + 44. What is the remainder when v is divided by g?
3
Let o(r) = r**3 + 5*r**2 - 8*r - 8. Let k be o(-6). Let d = k + 47. Calculate the remainder when d is divided by 18.
15
Let t be (4 + -2 - 2) + -3. Suppose 5*v - c - 53 = -0*c, 0 = 2*v - 5*c - 35. What is the remainder when ((-42)/(-5))/(t/(-10)) is divided by v?
8
Let a = 91 - 81. What is the remainder when 39 is divided by a?
9
Let k = 93 - 55. What is the remainder when 75 is divided by k?
37
Suppose 4*l - 41 = -5. Calculate the remainder when 15 is divided by l.
6
Let a be (9/2)/((-3)/(-4)). Let h be a/9*3/1. Suppose -h = -2*y - 0*y. Calculate the remainder when 1 is divided by y.
0
Suppose -324 = 8*a - 20*a. What is the remainder when 80 is divided by a?
26
Let q be (-2)/5 - (-546)/15. Suppose 2*k = k + q. Let i = -22 + k. What is the remainder when 26 is divided by i?
12
Let c(n) = 2*n**2 + 0*n**2 - n**2 + 1 - 4*n + n**3 - 4*n**2. What is the remainder when 59 is divided by c(5)?
28
Suppose 0 = t - 4*s - 27, 0 = 3*t + 2*s - 3*s - 37. What is the remainder when 22 is divided by t + (-2)/1 + -1?
6
Suppose 0 = -s - 5*w - 8, s - 2*s = -w - 4. What is the remainder when s/(-5) - (-261)/15 is divided by 5?
2
Suppose -4*f = 5*t - 55, 0*t = 2*t - 2*f - 40. What is the remainder when (-26 - 2)/(-2)*2 is divided by t?
13
Let z = 29 + -23. Let l(d) = -d**3 + 7*d**2 - 5*d + 14. What is the remainder when 58 is divided by l(z)?
18
Suppose -392 = -4*g + 4*d - 36, 269 = 3*g - 2*d. Suppose -74 - 54 = -4*q - 4*h, q = -2*h + 33. Calculate the remainder when g is divided by q.
29
Let m = -3 - -39. Suppose 3*a - 2*a - 35 = p, -4*p - 110 = -3*a. Let r = a + -11. What is the remainder when m is divided by r?
17
Suppose 2*s + a - 260 = 0, -5*s + 705 = a + 49. Suppose -3*t + 7*t = s. What is the remainder when t is divided by 18?
15
Suppose 15 = 4*r - r. Suppose -4*p + 107 = 2*y + p, 220 = 4*y + 4*p. Suppose 0 = -k + r*k - y. Calculate the remainder when 27 is divided by k.
13
Calculate the remainder when 45 is divided by (19 - (-14)/2) + 2 + -1.
18
What is the remainder when 43/(4/(-6)*(-24)/16) is divided by 25?
18
Suppose -4*u = -4*b + 128, 2*b - 7*u + 8*u = 49. Calculate the remainder when 52 is divided by b.
25
Suppose -4*f + 22 - 2 = 0. Suppose -f*v + 30 = -2*v. What is the remainder when 29 is divided by v?
9
Let k(u) = u**2 + 6*u + 3. Let m = -18 - -34. What is the remainder when k(-9) is divided by m?
14
Let l = 164 + -107. What is the remainder when l is divided by 20?
17
Suppose 2 = x, 2*l - x - 5 + 1 = 0. Suppose -2*i - l*i = -4*o + 13, 3*o - 15 = 2*i. Calculate the remainder when 20 is divided by o.
6
Let v = -105 + 126. Calculate the remainder when 37 is divided by v.
16
Let x = -6 + 17. Let k(d) = -5*d - 3. Let s be (-8)/(-2 + 3) - -1. Calculate the remainder when k(s) is divided by x.
10
Suppose -2*c - 2*h + 5*h = -57, 4*h = 20. Let b = c - -2. What is the remainder when b is divided by 13?
12
Let m be -4*3/6 - -17. Let l = m - -7. Suppose 0 = 4*d - d - 18. What is the remainder when l is divided by d?
4
Let d(k) = 0*k - 2 - 3 - 2*k - 11*k. Calculate the remainder when d(-6) is divided by 25.
23
Let z = -16 - -42. Let f(s) be the third derivative of s**5/60 - 3*s**4/8 - 4*s**3/3 + 3*s**2. Calculate the remainder when z is divided by f(11).
12
Suppose 5*i - 232 + 92 = 0. Let j(k) = 3*k**2 - k + 3. What is the remainder when j(-5) is divided by i?
27
Suppose -6*h = -2 - 28. What is the remainder when 27 is divided by h?
2
Suppose 3*h = 4*v + 183, -5*h + 2*v + 305 = -3*v. Let x = -38 + h. Calculate the remainder when x is divided by 12*4*4/16.
11
What is the remainder when (0 - 12)*63/(-14) is divided by 19?
16
Let t = 19 - -2. Suppose -5*s = 2*n - 4, 0 = -5*n - s - 3*s + 10. Calculate the remainder when (t/(-12))/(2/(-8)) is divided by n.
1
Let b be 27/6 + 2/(-4). Suppose -45 = b*f - 165. Calculate the remainder when f is divided by 8.
6
Let v be 8/4*(0 + 1). Suppose v*u - 2*h - 20 = -0*h, -4*h = -2*u + 30. Suppose -3*q = -0*q - 9. What is the remainder when u is divided by q?
2
Suppose 0 = -0*i - i + 76. Let n = -71 + 121. Calculate the remainder when n is divided by 1/3*(i + 2).
24
Let u(g) = g**2 - 3*g - 10. What is the remainder when 71 is divided by u(7)?
17
Let b be 10/(-30) + 110/(-3). Suppose 2*o - 40 = 4*o. Let u = o - b. What is the remainder when u is divided by 9?
8
Let f be ((-6)/8)/(3/36). Calculate the remainder when (0 - -1)*-3*f is divided by -4 - 6/(-1) - -13.
12
Let d(y) = -y - 5. Let z(j) = -1. Let g(i) = d(i) - 2*z(i). Let f be g(-5). What is the remainder when f*(387/6)/3 is divided by 15?
13
Let n(o) = -18*o + 10. Let r be n(-11). Suppose -4*g + w + r = -w, -5*w = 5*g - 230. What is the remainder when g is divided by 18?
14
What is the remainder when 50*1 - (0 - 2) is divided by 18?
16
Let l(o) = 4*o**2 - o - 1. Let q(p) = p**3 + 3*p**2 - 2*p. Let d be q(-3). Calculate the remainder when l(-1) is divided by d*(-1)/6*-3.
1
Suppose 2*i - 5 - 13 = 0. Let a(g) = -g**2 + 12*g - 13. Calculate the remainder when a(i) is divided by 8.
6
Suppose 0 = c - 2 - 6. Suppose 4*t + t - 210 = 0. Suppose -v = -5*l - t, l + 38 = v - 3*l. What is the remainder when v is divided by c?
6
Let m(q) = q**2 + 2*q. Let a be m(-3). Suppose a*r = 28 + 32. What is the remainder when 1/(1*4/312) is divided by r?
18
Suppose 2*b - 6 = 0, 0 = -4*g - b - 22 - 31. What is the remainder when (2*38)/2 + 2 is divided by (g/(-4))/(1/4)?
12
Suppose 2*r + 8*p = 3*p + 33, 0 = 2*r - p - 3. What is the remainder when 27 is divided by r?
3
Let o = 18 - 12. Calculate the remainder when o is divided by 3.
0
Suppose 0 = -c - 5*z + 41, 5*c - 9*c + 5*z = -139. Calculate the remainder when c is divided by 20.
16
Let m(j) be the second derivative of j**5/4 - j**3/6 - j**2 + 5*j. Let d be m(2). Suppose 5*q - d = 3*q. What is the remainder when 34 is divided by q?
16
Suppose -43 = -g - 2*u, -3*u + 1 - 29 = -g. What is the remainder when 73 is divided by g?
36
Let s(o) = -3*o - 2. What is the remainder when s(-6) is divided by 5?
1
Let m(r) = r - 8. Let p be m(10). Suppose 0*o - p*o = -134. Suppose j + 21 = -3*h + 4*h, j = 3*h - o. Calculate the remainder when h is divided by 13.
10
Suppose -127 = -5*v + 253. Calculate the remainder when v is divided by 10.
6
Let d(j) = j - 5. Let g be d(5). Suppose g = 4*w + 11 - 23. What is the remainder when 9 is divided by w?
0
Suppose 3*x - 182 = 4*k - 45, -5*x + 4*k = -215. Suppose 0 = -4*h - b + x, 28 = 5*h - 2*b - 24. What is the remainder when 39 is divided by h?
9
Suppose -2*c + 2*q = -2*q - 34, 0 = -q + 4. Let g be (-30)/(-4)*(-20)/15. What is the remainder when c is divided by 4/g + 134/10?
12
Let w = 14 - -14. Let o(a) = 6*a**3 + a. Let m be o(1). Calculate the remainder when w is divided by 107/m + (-2)/7.
13
Calculate the remainder when 17 is divided by 9 + (-3)/3 - (-6)/(-2).
2
Suppose -k + n = -17, -2*n + 44 = 2*k + 2*k. Let c(a) = -a**3 - 4*a**2 - 2*a + 2. Let i be (-8)/20 + (-46)/10. What is the remainder when c(i) is divided by k?
11
Let d = 18 + -13. What is the remainder when d is divided by 3?
2
Suppose 5*y + 0 - 33 = -x, -3*x - y + 71 = 0. What is the remainder when 68 is divided by x?
22
Let y = 37 - 13. What is the remainder when 46 is divided by y?
22
Suppose -2*f + 8 = -40. Let a = f - 37. Let s = 25 + a. Calculate the remainder when 23 is divided by s.
11
Suppose -5*h = 4*b - 60, 4*h - 44 = -5*b + b. Let k = 32 - h. Calculate the remainder when 46 is di